{"id":68,"date":"2018-02-22T09:05:32","date_gmt":"2018-02-22T08:05:32","guid":{"rendered":"http:\/\/kungfu.keido.sk\/cms\/?page_id=68"},"modified":"2018-03-21T19:09:02","modified_gmt":"2018-03-21T18:09:02","slug":"pokyny-pre-budoka","status":"publish","type":"page","link":"https:\/\/kungfu.keido.sk\/cms\/index.php\/ukazka-strany\/pokyny-pre-budoka\/","title":{"rendered":"Pokyny pre budoka"},"content":{"rendered":"<p><img loading=\"lazy\" decoding=\"async\" class=\"alignnone wp-image-220\" src=\"http:\/\/kungfu.keido.sk\/cms\/wp-content\/uploads\/2018\/03\/t_pokyny-300x77.jpg\" alt=\"\" width=\"1170\" height=\"300\" srcset=\"https:\/\/kungfu.keido.sk\/wp-content\/uploads\/2018\/03\/t_pokyny-300x77.jpg 300w, https:\/\/kungfu.keido.sk\/wp-content\/uploads\/2018\/03\/t_pokyny-768x197.jpg 768w, https:\/\/kungfu.keido.sk\/wp-content\/uploads\/2018\/03\/t_pokyny.jpg 975w\" sizes=\"auto, (max-width: 1170px) 100vw, 1170px\" \/><\/p>\n<p><strong>N\u00e1stup na za\u010diatku:<\/strong><\/p>\n<p>1. suware &#8211; <em>pokyn k sadn\u00fa\u0165 si do sedu seiza<\/em><br \/>\n2. \u0161omen-ni rei,<br \/>\n3. sensei-ni rei\/onegae shimasu\/znamen\u00e1 pros\u00edm pom\u00f4\u017e mi\/<br \/>\n4. senpai-ni rei\/oss\/<br \/>\n5. otagai ni rei\u00a0 \/oss\/<br \/>\n6. mokuso .<br \/>\n7. mokuso jame \u00a0Po \u0148om v\u0161etci so zavret\u00fdmi o\u010dami nahlas odrecituj\u00fa Shaolinske z\u00e1kony na<br \/>\npo\u010d\u00edtanie senseia.<\/p>\n<div><strong>Sv\u00e4t\u00e9 Shaolinsk\u00e9 z\u00e1kony:<\/strong><\/div>\n<div><strong><br \/>\n1) Zen a ken s\u00fa jedno<\/strong><br \/>\n&#8211; akcia (Ken=Kung Fu) a duchovno (zenov\u00e1 filozofia) s\u00fa neoddeliteln\u00e9<\/div>\n<div><\/div>\n<p><\/p>\n<div><strong>2) Moje svedomie je str\u00e1\u017ecom mojich \u010dinov<\/strong><br \/>\n&#8211; ke\u010f urob\u00edm nie\u010do dobr\u00e9, c\u00edtim sa dobre, ke\u010f urob\u00edm nie\u010do zl\u00e9, c\u00edtim sa zle. Je pr\u00edli\u0161 neskoro po zlom skutku hovori\u0165 prep\u00e1\u010d. Urob nie\u010do dobr\u00e9, aby si sa mohol c\u00edti\u0165 dobre<\/div>\n<div><\/div>\n<p><\/p>\n<div><strong>3) Sila a L\u00e1ska nesm\u00fa by\u0165 oddelen\u00e9<\/strong><br \/>\n&#8211; Sila bez L\u00e1sky je n\u00e1silie, L\u00e1ska bez Sily nefunguje<\/div>\n<div><\/div>\n<p><\/p>\n<div><strong>4) \u017di napoly pre seba a napoly pre druh\u00fdch<\/strong><br \/>\n&#8211; mysli na 100% na seba, ale minim\u00e1lne z 50% aj na ostatn\u00fdch<\/div>\n<div><\/div>\n<p><\/p>\n<div>8. Ihne\u010f po dokon\u010den\u00ed posledn\u00e9ho z\u00e1kona v\u0161etci otvoria o\u010di<br \/>\n9. Sensei zavel\u00ed &#8222;KIAI&#8220; a \u0161tudenti zakri\u010dia\u00a0 KIAI!<\/div>\n<div>10. Tate &#8211;<em> vst\u00e1me, do postoja kesshu-gamae\u00a0<\/em><\/div>\n<div><\/div>\n<p><\/p>\n<div><strong>N\u00e1stup na konci :<\/strong><\/div>\n<div><\/div>\n<div>1. suware<\/div>\n<div>2. mokuso<br \/>\n3. mokuso jame<br \/>\n4. pozdrav\u00ed sa\u00a0 \u0161omen-ni rei,<br \/>\n5. sensei-ni rei, \/domo arigato gozai mashita\/ve\u013eakr\u00e1t V\u00e1m \u010fakujem\/<br \/>\n6. senpai-ni rei \/oss\/<br \/>\n7. otagai ni rei\u00a0 \/oss\/<br \/>\n8. tate<br \/>\n9. v\u00a0stoji rei medzi sebou<\/div>\n","protected":false},"excerpt":{"rendered":"<p>N\u00e1stup na za\u010diatku: 1. suware &#8211; pokyn k sadn\u00fa\u0165 si do sedu seiza 2. \u0161omen-ni rei, 3. sensei-ni rei\/onegae shimasu\/znamen\u00e1 pros\u00edm pom\u00f4\u017e mi\/ 4. senpai-ni rei\/oss\/ 5. otagai ni rei\u00a0 \/oss\/ 6. mokuso . 7. mokuso jame \u00a0Po \u0148om v\u0161etci so zavret\u00fdmi o\u010dami nahlas odrecituj\u00fa Shaolinske z\u00e1kony na po\u010d\u00edtanie senseia. Sv\u00e4t\u00e9 Shaolinsk\u00e9 z\u00e1kony: 1) Zen <a href=\"https:\/\/kungfu.keido.sk\/cms\/index.php\/ukazka-strany\/pokyny-pre-budoka\/\" rel=\"nofollow\"><span class=\"sr-only\">Pre\u010d\u00edta\u0165 viac o Pokyny pre budoka<\/span>[&hellip;]<\/a><\/p>\n","protected":false},"author":1,"featured_media":0,"parent":2,"menu_order":0,"comment_status":"closed","ping_status":"closed","template":"","meta":{"footnotes":""},"class_list":["post-68","page","type-page","status-publish","hentry"],"_links":{"self":[{"href":"https:\/\/kungfu.keido.sk\/cms\/index.php\/wp-json\/wp\/v2\/pages\/68","targetHints":{"allow":["GET"]}}],"collection":[{"href":"https:\/\/kungfu.keido.sk\/cms\/index.php\/wp-json\/wp\/v2\/pages"}],"about":[{"href":"https:\/\/kungfu.keido.sk\/cms\/index.php\/wp-json\/wp\/v2\/types\/page"}],"author":[{"embeddable":true,"href":"https:\/\/kungfu.keido.sk\/cms\/index.php\/wp-json\/wp\/v2\/users\/1"}],"replies":[{"embeddable":true,"href":"https:\/\/kungfu.keido.sk\/cms\/index.php\/wp-json\/wp\/v2\/comments?post=68"}],"version-history":[{"count":12,"href":"https:\/\/kungfu.keido.sk\/cms\/index.php\/wp-json\/wp\/v2\/pages\/68\/revisions"}],"predecessor-version":[{"id":242,"href":"https:\/\/kungfu.keido.sk\/cms\/index.php\/wp-json\/wp\/v2\/pages\/68\/revisions\/242"}],"up":[{"embeddable":true,"href":"https:\/\/kungfu.keido.sk\/cms\/index.php\/wp-json\/wp\/v2\/pages\/2"}],"wp:attachment":[{"href":"https:\/\/kungfu.keido.sk\/cms\/index.php\/wp-json\/wp\/v2\/media?parent=68"}],"curies":[{"name":"wp","href":"https:\/\/api.w.org\/{rel}","templated":true}]}}