{"id":91,"date":"2018-02-22T10:47:01","date_gmt":"2018-02-22T09:47:01","guid":{"rendered":"http:\/\/kungfu.keido.sk\/cms\/?page_id=91"},"modified":"2018-05-04T13:31:24","modified_gmt":"2018-05-04T11:31:24","slug":"skusobny-poriadok","status":"publish","type":"page","link":"https:\/\/kungfu.keido.sk\/cms\/index.php\/skusobny-poriadok\/","title":{"rendered":"Sk\u00fa\u0161obn\u00fd poriadok"},"content":{"rendered":"<p><img loading=\"lazy\" decoding=\"async\" class=\"alignnone wp-image-225\" src=\"http:\/\/kungfu.keido.sk\/cms\/wp-content\/uploads\/2018\/03\/t_skusobny-300x77.jpg\" alt=\"\" width=\"1170\" height=\"300\" srcset=\"https:\/\/kungfu.keido.sk\/wp-content\/uploads\/2018\/03\/t_skusobny-300x77.jpg 300w, https:\/\/kungfu.keido.sk\/wp-content\/uploads\/2018\/03\/t_skusobny-768x197.jpg 768w, https:\/\/kungfu.keido.sk\/wp-content\/uploads\/2018\/03\/t_skusobny.jpg 975w\" sizes=\"auto, (max-width: 1170px) 100vw, 1170px\" \/><\/p>\n<p><a href=\"http:\/\/kungfu.keido.sk\/cms\/index.php\/6-kyu\/\"><img loading=\"lazy\" decoding=\"async\" class=\"alignnone wp-image-128\" src=\"http:\/\/kungfu.keido.sk\/wp-content\/uploads\/2018\/03\/6k-e1525433206199-197x300.jpg\" alt=\"\" width=\"120\" height=\"183\" \/><\/a><a href=\"http:\/\/kungfu.keido.sk\/cms\/index.php\/5-kyu\/\"><img loading=\"lazy\" decoding=\"async\" class=\"alignnone wp-image-127\" src=\"http:\/\/kungfu.keido.sk\/wp-content\/uploads\/2018\/03\/5k-197x300.jpg\" alt=\"\" width=\"120\" height=\"183\" \/><\/a><a href=\"http:\/\/kungfu.keido.sk\/cms\/index.php\/4-kyu\/\"><img loading=\"lazy\" decoding=\"async\" class=\"alignnone wp-image-126\" src=\"http:\/\/kungfu.keido.sk\/wp-content\/uploads\/2018\/03\/4k-197x300.jpg\" alt=\"\" width=\"120\" height=\"183\" \/><\/a><a href=\"http:\/\/kungfu.keido.sk\/cms\/index.php\/3-kyu\/\"><img loading=\"lazy\" decoding=\"async\" class=\"alignnone wp-image-125\" src=\"http:\/\/kungfu.keido.sk\/wp-content\/uploads\/2018\/03\/3k-197x300.jpg\" alt=\"\" width=\"120\" height=\"183\" \/><\/a><a href=\"http:\/\/kungfu.keido.sk\/cms\/index.php\/2-kyu\/\"><img loading=\"lazy\" decoding=\"async\" class=\"alignnone wp-image-124\" src=\"http:\/\/kungfu.keido.sk\/wp-content\/uploads\/2018\/03\/2k-197x300.jpg\" alt=\"\" width=\"120\" height=\"183\" \/><\/a><a href=\"http:\/\/kungfu.keido.sk\/cms\/index.php\/1-kyu\/\"><img loading=\"lazy\" decoding=\"async\" class=\"alignnone wp-image-123\" src=\"http:\/\/kungfu.keido.sk\/wp-content\/uploads\/2018\/03\/1k-197x300.jpg\" alt=\"\" width=\"120\" height=\"183\" \/><\/a><\/p>\n<h4>Technick\u00e9 stupne:<\/h4>\n<table border=\"1\" cellspacing=\"1\" cellpadding=\"1\">\n<caption><strong>Kyu<\/strong><\/caption>\n<thead>\n<tr>\n<th scope=\"col\"><b>Kyu<\/b><\/th>\n<th scope=\"col\"><b>Farba<\/b><\/th>\n<\/tr>\n<\/thead>\n<tbody>\n<tr>\n<td>6. Kyu<\/td>\n<td>Biela so \u017elt\u00fdm koncom<\/td>\n<\/tr>\n<tr>\n<td>5.Kyu<\/td>\n<td>\u017dlt\u00e1<\/td>\n<\/tr>\n<tr>\n<td>4.Kyu<\/td>\n<td>Oran\u017eov\u00e1<\/td>\n<\/tr>\n<tr>\n<td>3.Kyu<\/td>\n<td>Zelen\u00e1<\/td>\n<\/tr>\n<tr>\n<td>2.Kyu<\/td>\n<td>Modr\u00e1<\/td>\n<\/tr>\n<tr>\n<td>1.Kyu<\/td>\n<td>Hned\u00e1<\/td>\n<\/tr>\n<\/tbody>\n<\/table>\n<p>&nbsp;<\/p>\n<table border=\"1\" cellspacing=\"1\" cellpadding=\"1\">\n<caption><strong>DAN<\/strong><\/caption>\n<thead>\n<tr>\n<th scope=\"col\"><b>Stupe\u0148<\/b><\/th>\n<th scope=\"col\"><b>Stupe\u0148 \u010diern\u00e9ho opasku<\/b><\/th>\n<\/tr>\n<\/thead>\n<tbody>\n<tr>\n<td>1.Dan<\/td>\n<td>Sho-dan<\/td>\n<\/tr>\n<tr>\n<td>2.Dan<\/td>\n<td>Ni-dan<\/td>\n<\/tr>\n<tr>\n<td>3.Dan<\/td>\n<td>San-dan<\/td>\n<\/tr>\n<tr>\n<td>4.Dan<\/td>\n<td>Yon-dan<\/td>\n<\/tr>\n<tr>\n<td>5.Dan<\/td>\n<td>Go-dan<\/td>\n<\/tr>\n<tr>\n<td>6.Dan<\/td>\n<td>Roku-dan<\/td>\n<\/tr>\n<tr>\n<td>7.Dan<\/td>\n<td>Nana-dan<\/td>\n<\/tr>\n<tr>\n<td>8.Dan<\/td>\n<td>Hachi-dan<\/td>\n<\/tr>\n<tr>\n<td>9.Dan<\/td>\n<td>Kyu-dan<\/td>\n<\/tr>\n<tr>\n<td>10.Dan<\/td>\n<td>Ju-dan<\/td>\n<\/tr>\n<\/tbody>\n<\/table>\n","protected":false},"excerpt":{"rendered":"<p>Technick\u00e9 stupne: Kyu Kyu Farba 6. Kyu Biela so \u017elt\u00fdm koncom 5.Kyu \u017dlt\u00e1 4.Kyu Oran\u017eov\u00e1 3.Kyu Zelen\u00e1 2.Kyu Modr\u00e1 1.Kyu Hned\u00e1 &nbsp; DAN Stupe\u0148 Stupe\u0148 \u010diern\u00e9ho opasku 1.Dan Sho-dan 2.Dan Ni-dan 3.Dan San-dan 4.Dan Yon-dan 5.Dan Go-dan 6.Dan Roku-dan 7.Dan Nana-dan 8.Dan Hachi-dan 9.Dan Kyu-dan 10.Dan Ju-dan<\/p>\n","protected":false},"author":1,"featured_media":0,"parent":0,"menu_order":0,"comment_status":"closed","ping_status":"closed","template":"","meta":{"footnotes":""},"class_list":["post-91","page","type-page","status-publish","hentry"],"_links":{"self":[{"href":"https:\/\/kungfu.keido.sk\/cms\/index.php\/wp-json\/wp\/v2\/pages\/91","targetHints":{"allow":["GET"]}}],"collection":[{"href":"https:\/\/kungfu.keido.sk\/cms\/index.php\/wp-json\/wp\/v2\/pages"}],"about":[{"href":"https:\/\/kungfu.keido.sk\/cms\/index.php\/wp-json\/wp\/v2\/types\/page"}],"author":[{"embeddable":true,"href":"https:\/\/kungfu.keido.sk\/cms\/index.php\/wp-json\/wp\/v2\/users\/1"}],"replies":[{"embeddable":true,"href":"https:\/\/kungfu.keido.sk\/cms\/index.php\/wp-json\/wp\/v2\/comments?post=91"}],"version-history":[{"count":14,"href":"https:\/\/kungfu.keido.sk\/cms\/index.php\/wp-json\/wp\/v2\/pages\/91\/revisions"}],"predecessor-version":[{"id":1148,"href":"https:\/\/kungfu.keido.sk\/cms\/index.php\/wp-json\/wp\/v2\/pages\/91\/revisions\/1148"}],"wp:attachment":[{"href":"https:\/\/kungfu.keido.sk\/cms\/index.php\/wp-json\/wp\/v2\/media?parent=91"}],"curies":[{"name":"wp","href":"https:\/\/api.w.org\/{rel}","templated":true}]}}