{"id":98,"date":"2018-03-04T12:49:38","date_gmt":"2018-03-04T11:49:38","guid":{"rendered":"http:\/\/kungfu.keido.sk\/cms\/?page_id=98"},"modified":"2018-05-04T08:29:38","modified_gmt":"2018-05-04T06:29:38","slug":"6-kyu","status":"publish","type":"page","link":"https:\/\/kungfu.keido.sk\/cms\/index.php\/6-kyu\/","title":{"rendered":"6. kyu"},"content":{"rendered":"<p style=\"text-align: left;\"><strong>Sk\u00fa\u0161obn\u00fd poriadok 6. kyu<\/strong><\/p>\n<p><span style=\"color: #808080;\">&#8211;Klikni na techniku pre zobrazenie uk\u00e1\u017eky&#8211;<\/span><\/p>\n<p><strong>Gamae &#8211; Poz\u00edcie r\u00fak<\/strong><br \/>\n<a href=\"http:\/\/ftp.keidoftp.keido.sk\/ftp\/SkusobnyPoriadok\/6Kyu\/Kesshu-gamae.mp4\">Kesshu-gamae<\/a><br \/>\n<a href=\"http:\/\/ftp.keidoftp.keido.sk\/ftp\/SkusobnyPoriadok\/6Kyu\/Gassho-gamae.mp4\">Gassho-gamae<\/a><br \/>\n<a href=\"http:\/\/ftp.keidoftp.keido.sk\/ftp\/SkusobnyPoriadok\/6Kyu\/Kaisoku-gamae.mp4\">Kaisoku-gamae<\/a><br \/>\n<a href=\"http:\/\/ftp.keidoftp.keido.sk\/ftp\/SkusobnyPoriadok\/6Kyu\/Chudan-gamae.mp4\">Chudan-gamae<\/a><br \/>\n<a href=\"http:\/\/ftp.keidoftp.keido.sk\/ftp\/SkusobnyPoriadok\/6Kyu\/Ichiji-gamae.mp4\">Ichiji-gamae<\/a><\/p>\n<p><strong>Ashi-tachi &#8211; Poz\u00edcie n\u00f4h\u00a0<\/strong><br \/>\n<a href=\"http:\/\/ftp.keidoftp.keido.sk\/ftp\/SkusobnyPoriadok\/6Kyu\/Renoji-dachi.mp4\">Renoji-dachi<\/a><br \/>\n<a href=\"http:\/\/ftp.keidoftp.keido.sk\/ftp\/SkusobnyPoriadok\/6Kyu\/Kiba-dachi.mp4\">Kiba-dachi<\/a><\/p>\n<p><strong>Ashi-hakobi &#8211; Pohyby\u00a0\u00a0<\/strong><br \/>\n<a href=\"http:\/\/ftp.keidoftp.keido.sk\/ftp\/SkusobnyPoriadok\/6Kyu\/Sashikomi-ashi.mp4\">Sashikomi-ashi<\/a><br \/>\n<a href=\"http:\/\/ftp.keidoftp.keido.sk\/ftp\/SkusobnyPoriadok\/6Kyu\/SashiKae-ashi.mp4\">SashiKae-ashi<\/a><br \/>\n<a href=\"http:\/\/ftp.keidoftp.keido.sk\/ftp\/SkusobnyPoriadok\/6Kyu\/Chidori-ashi.mp4\">Chidori-ashi<\/a><br \/>\n<a href=\"http:\/\/ftp.keidoftp.keido.sk\/ftp\/SkusobnyPoriadok\/6Kyu\/Hiraki-sagari.mp4\">Hiraki-sagari<\/a><br \/>\n<a href=\"http:\/\/ftp.keidoftp.keido.sk\/ftp\/SkusobnyPoriadok\/6Kyu\/Yoko-ashi.mp4\">Yoko-ashi<\/a><\/p>\n<p><strong>Ukemi &#8211; P\u00e1dy\u00a0<\/strong><br \/>\n<a href=\"http:\/\/ftp.keidoftp.keido.sk\/ftp\/SkusobnyPoriadok\/6Kyu\/Mae-ukemi.mp4\">Mae-ukemi<\/a><br \/>\n<a href=\"http:\/\/ftp.keidoftp.keido.sk\/ftp\/SkusobnyPoriadok\/6Kyu\/TaoreMae-ukemi.mp4\">TaoreMae-ukemi<\/a><br \/>\n<a href=\"http:\/\/ftp.keidoftp.keido.sk\/ftp\/SkusobnyPoriadok\/6Kyu\/Ushiro-ukemi.mp4\">Ushiro-ukemi<\/a><br \/>\n<a href=\"http:\/\/ftp.keidoftp.keido.sk\/ftp\/SkusobnyPoriadok\/6Kyu\/TaoreUshiro-ukemi.mp4\">TaoreUshiro-ukemi<\/a><br \/>\n<a href=\"http:\/\/ftp.keidoftp.keido.sk\/ftp\/SkusobnyPoriadok\/6Kyu\/Yoko-ukemi.mp4\">Yoko-ukemi<\/a><br \/>\n<a href=\"http:\/\/ftp.keidoftp.keido.sk\/ftp\/SkusobnyPoriadok\/6Kyu\/Daisharin.mp4\">Daisharin<\/a><\/p>\n<p><strong>Nage-waza &#8211; Hody<\/strong><br \/>\n<a href=\"http:\/\/ftp.keidoftp.keido.sk\/ftp\/SkusobnyPoriadok\/6Kyu\/Uki-goshi.mp4\">Uki-goshi<\/a><br \/>\n<a href=\"http:\/\/ftp.keidoftp.keido.sk\/ftp\/SkusobnyPoriadok\/6Kyu\/Kote-nage.mp4\">Kote-nage\u00a0<\/a><\/p>\n","protected":false},"excerpt":{"rendered":"<p>Sk\u00fa\u0161obn\u00fd poriadok 6. kyu &#8211;Klikni na techniku pre zobrazenie uk\u00e1\u017eky&#8211; Gamae &#8211; Poz\u00edcie r\u00fak Kesshu-gamae Gassho-gamae Kaisoku-gamae Chudan-gamae Ichiji-gamae Ashi-tachi &#8211; Poz\u00edcie n\u00f4h\u00a0 Renoji-dachi Kiba-dachi Ashi-hakobi &#8211; Pohyby\u00a0\u00a0 Sashikomi-ashi SashiKae-ashi Chidori-ashi Hiraki-sagari Yoko-ashi Ukemi &#8211; P\u00e1dy\u00a0 Mae-ukemi TaoreMae-ukemi Ushiro-ukemi TaoreUshiro-ukemi Yoko-ukemi Daisharin Nage-waza &#8211; Hody Uki-goshi Kote-nage\u00a0<\/p>\n","protected":false},"author":1,"featured_media":0,"parent":0,"menu_order":0,"comment_status":"closed","ping_status":"closed","template":"","meta":{"footnotes":""},"class_list":["post-98","page","type-page","status-publish","hentry"],"_links":{"self":[{"href":"https:\/\/kungfu.keido.sk\/cms\/index.php\/wp-json\/wp\/v2\/pages\/98","targetHints":{"allow":["GET"]}}],"collection":[{"href":"https:\/\/kungfu.keido.sk\/cms\/index.php\/wp-json\/wp\/v2\/pages"}],"about":[{"href":"https:\/\/kungfu.keido.sk\/cms\/index.php\/wp-json\/wp\/v2\/types\/page"}],"author":[{"embeddable":true,"href":"https:\/\/kungfu.keido.sk\/cms\/index.php\/wp-json\/wp\/v2\/users\/1"}],"replies":[{"embeddable":true,"href":"https:\/\/kungfu.keido.sk\/cms\/index.php\/wp-json\/wp\/v2\/comments?post=98"}],"version-history":[{"count":6,"href":"https:\/\/kungfu.keido.sk\/cms\/index.php\/wp-json\/wp\/v2\/pages\/98\/revisions"}],"predecessor-version":[{"id":1125,"href":"https:\/\/kungfu.keido.sk\/cms\/index.php\/wp-json\/wp\/v2\/pages\/98\/revisions\/1125"}],"wp:attachment":[{"href":"https:\/\/kungfu.keido.sk\/cms\/index.php\/wp-json\/wp\/v2\/media?parent=98"}],"curies":[{"name":"wp","href":"https:\/\/api.w.org\/{rel}","templated":true}]}}